. Let u = v - 2. List the prime factors of u.
2, 11
Let a(n) = -n**3 - 7*n**2 - 6*n + 4. Let o be a(-6). Suppose 206 = -3*z - 5*f + 530, o*f + 503 = 5*z. List the prime factors of z.
103
Let f = -541 + 2052. What are the prime factors of f?
1511
Let p(d) = 5*d**2 + 5*d - 16. Let t(m) = -9*m**2 - 10*m + 33. Let j(i) = -7*p(i) - 4*t(i). What are the prime factors of j(-16)?
2, 3, 13
Suppose 4*o + 28 = h - 5, 0 = 5*o + 5*h + 10. Let d be 1 - ((-1 - 0) + -20). Let w = o + d. What are the prime factors of w?
3, 5
Let y be (5 - (-80)/(-12))*36/(-10). List the prime factors of (13 + y)*(1 + 0) + 0.
19
Suppose -4*q + 23 = -1. Suppose -i - 3*z + q = i, 2*z - 4 = -5*i. Let h = i + 45. List the prime factors of h.
3, 5
Let x = 1313 - 731. List the prime factors of x.
2, 3, 97
Suppose 3*f - 4*a + 44 = 0, 0*f + 2*f - 2*a + 26 = 0. Let q be (-34)/(-2) + (-2)/(-2). What are the prime factors of (-263)/f + q/144?
3, 11
Suppose -455*n - 30864 = -467*n. List the prime factors of n.
2, 643
Let l = 1016 - 547. What are the prime factors of l?
7, 67
Let w = 122 - 28. Suppose 67 = -3*n + w. What are the prime factors of n?
3
Let b(k) = k**3 + 3*k**2 - 3*k - 4. Let m be b(-3). Let x(a) = -a + 11. Let z be x(8). Suppose m*i + 4*l = 287, -z*l - 12 = -7*l. List the prime factors of i.
5, 11
Let j(k) = k + 2. Let i be j(0). Let t be (0 + -69)/((-24)/16). What are the prime factors of (3 - 2)*t/i?
23
Suppose -s = -6*s + 20. Let r(i) = -2*i**2 + 9*i - 2. Let c be r(s). What are the prime factors of c/(((-9)/(-24))/3)?
2
Let z(k) = 11*k**3 + 1. Let b be z(1). Let l(y) = y**2 - 13*y + 13. Let u be l(b). What are the prime factors of u*(-4)/(-4) + 12?
13
Suppose -4*j = 5*r - 69, 5*r + 30 = 2*j + 3*r. List the prime factors of ((-206)/4)/(j/(-32)).
103
Let t(k) be the first derivative of -k**4/4 - 4*k**3/3 - 11*k + 5. List the prime factors of t(-6).
61
Let p = -30 - -22. Let d(g) = -9*g - 18. List the prime factors of d(p).
2, 3
Let w = 1714 - 1405. List the prime factors of w.
3, 103
Suppose 2*q = -5*l + 954, 11*l - 2443 = -5*q + 13*l. List the prime factors of q.
487
Let a(d) = 3*d**2 + 6*d + 2. Let w(x) = 7*x**2 + 12*x + 4. Let y(h) = -9*a(h) + 4*w(h). What are the prime factors of y(10)?
2, 19
Suppose 3*r = 7*r. Suppose v - 29 + 0 = r. Let j = -16 + v. What are the prime factors of j?
13
Suppose 9 - 5 = 4*k. Let m(u) = 6*u - 2. Let o be m(k). Suppose 4*a = -o*t + 152, 2*t + a = 4*t - 70. List the prime factors of t.
2, 3
Let z(n) = -n - 1. Let g(y) = -5*y - 2. Let u(w) = -3*g(w) + 24*z(w). Let x be u(-4). Suppose 3*r - 4*r = -x. What are the prime factors of r?
2, 3
Suppose 3454 = -28*v + 10846. What are the prime factors of v?
2, 3, 11
Suppose 2931 = 4*n + 3*f, -2226 = -2*n + f - 773. What are the prime factors of n?
3
Suppose -z = 3*l + 9, 4*l = 2*z - 5*z - 17. Let o be -2 + (-1 - 9*l). Let f = o - 8. What are the prime factors of f?
7
Let a(c) = 62*c**2 - 14*c + 4. List the prime factors of a(3).
2, 5, 13
What are the prime factors of ((-4)/(8/327))/((-20)/40)?
3, 109
Suppose 15*f + 163 = 16*f. Suppose 894 = 3*o + 3*k, -2*k - f - 138 = -o. What are the prime factors of o?
13, 23
Let j = 123 - 123. What are the prime factors of 165/(-6)*((-4)/5 - j)?
2, 11
Let f(o) = 8*o - 6. Let x(h) = h - 7. Let y be x(11). Let p be f(y). Let s = 11 + p. What are the prime factors of s?
37
Suppose -3*t = -1 - 56. Suppose q + 5*l = -t, 5*l + 3 = -3*q - 4. Suppose -q*h + 2*h + 192 = 0. List the prime factors of h.
2, 3
Suppose -3*c - 20 = 2*c. Let u(s) = -s**3 - 3*s**2 - s - 3. Let l be u(c). Let o(q) = -q**3 + 16*q**2 + 17*q + 5. What are the prime factors of o(l)?
5
Let t be 3/4 - (-935)/(-4). Let h = t - -449. What are the prime factors of h?
2, 3
Suppose 4*o + t = 24, -44 + 7 = -5*o - 3*t. Suppose 2*r - 8 = -w, -w = -2*w - o*r + 20. Let l(q) = -q**2 + q + 32. List the prime factors of l(w).
2
Let c = -587 + 871. What are the prime factors of c?
2, 71
Let j(v) = -v**2 - 5*v - 15. Let h be j(-7). Let a = -11 - h. List the prime factors of a.
2, 3
Suppose 2*b - 210 = -3*z + 664, 3*z - 4*b - 862 = 0. What are the prime factors of z?
2, 5, 29
Let t be 9/(2/(-3 + 5)). Let z = t + 30. List the prime factors of z.
3, 13
What are the prime factors of (-5 - -6) + 776 - (-12)/4?
2, 3, 5, 13
Suppose 4*f + 2*i = 682, 4*f - 2*i = 2*f + 344. Let b = -55 + f. List the prime factors of b.
2, 29
Suppose 2*s + 42 = -2*u, -21 = s + 2*u - 5*u. Let z(f) = 6*f - 22. Let a be z(13). Let b = s + a. What are the prime factors of b?
5, 7
Let g(y) = -y**3 - y**2 + 8*y + 3. Suppose -7*t - 3 = 32. What are the prime factors of g(t)?
3, 7
Let b(a) = -2*a - 14. Let q be b(-9). Suppose -458 = -q*k + 142. What are the prime factors of k?
2, 3, 5
Suppose -3*v + 4*m - 8 - 6 = 0, 4*m = -5*v + 30. Let a be (-2)/(v + -3 - 0). Suppose -6*d = -a*d - 204. What are the prime factors of d?
3, 17
Suppose -q + 2*k - 10 = 0, 5*q + 0*k = -k - 105. Let w = 19 + q. List the prime factors of (-91)/7*w*1.
13
Let k = -5 - -10. Suppose -13 = 2*b + k*j, 3*b + b - 19 = -j. Suppose b*u = 3*u + 93. List the prime factors of u.
31
Suppose 4*i = 3*c + 6*i - 89, i - 28 = -c. Suppose 6*m + c = 117. What are the prime factors of m?
2, 7
Let u be (-4)/(48/(-628))*-3. List the prime factors of ((-16)/6)/(2/3) - u.
3, 17
Let m(j) = 25*j**2 + 3*j - 2. Let q be m(3). Let r(i) = 3*i**2 + i + 2. Let l be r(-1). List the prime factors of ((-1)/(-2))/(l/q).
29
List the prime factors of (-16)/(-12)*(-951)/(-4).
317
Let o(u) = 4*u + 2. Let w be o(-2). Let i = -6 - w. Suppose -4*m + 10 = -z - 6, i = z + 2*m - 14. What are the prime factors of z?
2
Let p = 249 + -148. Suppose 45*j = 46*j - p. What are the prime factors of j?
101
Suppose -4*u - 983 = 5*r, -u - 110 = r + 87. Let p = -112 - r. What are the prime factors of p?
83
Let s(n) = -3*n - 8. Suppose 2*j - 16 = v, -32 = 2*v + v + 2*j. Let l be s(v). Suppose t = -t + l. List the prime factors of t.
2, 7
Let m = -3274 + 5702. List the prime factors of m.
2, 607
Let k(z) = z**2 - 8*z + 2. Let r be k(-9). Suppose 0*b = -2*t - b + r, -140 = -2*t - 4*b. What are the prime factors of t?
2, 5
Suppose -787*z + 791*z = 696. List the prime factors of z.
2, 3, 29
Suppose 0 = 4*c + 4*k - 16548, -c + 4119 = 5*k - 10*k. List the prime factors of c.
2, 3, 13, 53
Suppose -6006 = 14*o - 27*o. List the prime factors of o.
2, 3, 7, 11
Let s = -1574 - -3634. What are the prime factors of s?
2, 5, 103
Let d(b) = 19 + 5 - 3 + 15 + 7*b. What are the prime factors of d(17)?
5, 31
Let a(m) = m**3 - 5*m**2 + 12*m - 11. What are the prime factors of a(9)?
421
Suppose 0 = 5*j - 0*j - 10. List the prime factors of j*(-3 - (-270)/4).
3, 43
Suppose 0*j = -3*j - t - 6, -5*j - 10 = -t. Let a = j + 0. What are the prime factors of ((-162)/15)/(a/10)?
2, 3
Let h = -268 + 458. Let m = h + -81. What are the prime factors of m?
109
Let z(m) = 23*m - 1. Suppose 3*s - 1 - 2 = 0. Let u be z(s). Suppose 0 = -3*k - 0*k - 12, -u = -2*b + k. List the prime factors of b.
3
What are the prime factors of (-4 + 2 + -3)*-425?
5, 17
Suppose 0 = -o - o + 130. Suppose 5*f - 7*f - 5*v - 29 = 0, -5*f - 5*v = o. What are the prime factors of (-267)/f + 6/8?
23
List the prime factors of 1382/3 - (-1)/(21/(-35)).
3, 17
Let z = -777 + 1148. Suppose -127 = 4*a - 4*q - z, -3*a = -5*q - 181. What are the prime factors of a?
2, 31
Let q(i) = i**2 - 3*i + 3. Let r be q(6). What are the prime factors of 1897/r - 1/3?
2, 3, 5
Suppose -455 = -6*i + 25. List the prime factors of (-2 - 5)*(i/14)/(-4).
2, 5
Let x(t) = t**3 - 5*t**2 - 2*t + 6. Let d be x(5). Let a be (-3396)/(-28) - d/(-14). Let s = -57 + a. List the prime factors of s.
2
Let d be -7 + 4 + 2 + -117. Let i = -62 - d. List the prime factors of i.
2, 7
Suppose -5*y + 2*r - 15 = 0, 0 = -2*y + 3*r - 10 - 7. Let f = y + 65. List the prime factors of f.
2
Let w(l) be the first derivative of l**3 - 3*l**2/2 - 11*l - 17. List the prime factors of w(5).
7
Suppose -4*n = -2*n. Suppose n = 4*g - g - 21. Let l = g - -35. What are the prime factors of l?
2, 3, 7
Suppose -4*z + 90 + 176 = -r, 0 = 5*z + r - 337. List the prime factors of z.
67
Suppose -10*j + 6*j = -12. Suppose 0*z = j*z + 18. Let s(u) = u**2 - 2*u - 7. What are the prime factors of s(z)?
41
Suppose m + 2*m = 126. Suppose -5*z - m + 162 = 0. What are